k. Is h a prime number?
False
Let g(t) = -600*t - 12. Let q be g(-11). Suppose 3*h = -h + q. Suppose h = 5*i - 2*w, -4*w = -3*i + 5*i - 654. Is i a prime number?
False
Suppose 5*i - n - 3*n = 1027, 197 = i - 5*n. Suppose 0*h + 3*h - i = 0. Suppose 439 + h = 4*o. Is o prime?
True
Let d = 120247 + -84500. Is d composite?
False
Let s(w) = -2*w**3 - 5*w**2 + 7*w + 25. Let j be s(-10). Let q = j - -82. Is q prime?
False
Suppose -35 = 8*r - 59. Suppose 2*x - 3385 = -5*q + 5594, 3*q - r*x - 5400 = 0. Is q a prime number?
False
Suppose a = -26*a + 4995. Is a prime?
False
Suppose 13*a = -10436 + 129165. Is a a composite number?
False
Let x = 1019 - 576. Is x composite?
False
Is 0 + 12*996 - (3 - 8) composite?
True
Let i be ((-10)/(-25))/((-1)/(-5)). Let k(q) = q**2 - q + 2. Let n be k(i). Is -106*(1 + (-10)/n) a composite number?
True
Suppose 2*v - 7*v - 30 = 0. Let k = -4 - v. Suppose -k*m = -r + 437, -491 = -r + 3*m - 51. Is r prime?
True
Let f be (-45 - 3)*1/((-2)/4). Is 8*f - (-4 + (3 - 0)) prime?
True
Let o(i) = -280*i - 1. Let u(c) = 56*c. Let y(z) = -2*o(z) - 11*u(z). Let b be y(6). Is b/(-6) + (-12)/18 prime?
False
Let q = 8288 + -4839. Is q a prime number?
True
Let g = 2179 + 4068. Is g prime?
True
Suppose -2*u + 13*u - 33 = 0. Suppose u*t + t = 1460. Is t prime?
False
Let i = 169444 - 99899. Suppose i = -9*m + 4*m. Is m/(-35) - 2/5 composite?
False
Is 11/88*-2*-50612 composite?
False
Let g = 103301 + -61638. Is g composite?
True
Let f(h) = 2*h**3 - 6*h - 9. Suppose 0 = -4*g + 4, -4*x + 31 = -0*x - g. Is f(x) a prime number?
True
Suppose 3*w + 3235 = 20305. Suppose w - 124 = 3*c - 5*y, -5*c - 2*y = -9225. Is c prime?
True
Suppose 26*r - 12135 = 24*r - o, 2*r - 2*o = 12132. Is r a prime number?
True
Let x(r) = r**3 - 15*r**2 - r + 17. Let j be x(15). Suppose -2*w = -j*a - 5582, 0 = -4*w - 3*a + a + 11152. Is w a composite number?
False
Let s = -5639 - -2261. Let o = 7165 + s. Is o composite?
True
Let j be 3/(-9) + 2/6. Suppose 5*i - 2*i - 60 = j. Suppose 3*a - 25 = i. Is a prime?
False
Let v be (14/4 - 1)/(21/6678). Let n = v + 203. Is n prime?
False
Let k(g) = -35*g - 27. Let o(x) = x**2 + 10*x + 1. Let a be o(-3). Is k(a) a prime number?
True
Let o = -13250 + 21529. Is o a composite number?
True
Suppose 40*f = -441107 + 2536587. Is f composite?
False
Let r(h) = h**2 - 3*h - 3. Let t(v) = 10 - 2*v - 3*v + v. Let f be t(5). Is r(f) prime?
True
Let g(x) = -191*x**3 - 5*x**2 + 30*x + 101. Is g(-9) a composite number?
True
Let l = 134520 + -86515. Is l prime?
False
Suppose 5*t = t + 1380. Let b = 160 - t. Let o = 300 + b. Is o composite?
True
Let v(b) = -150*b - 2. Let a be v(-1). Suppose n - 159 = a. Is n a prime number?
True
Suppose -482127 + 44907 = 5*z. Is ((-4)/(-6))/((-24)/z) composite?
True
Let g(w) = -2*w**2 + 1 + 5*w + 3*w**2 + 0*w + 2. Let f be g(-8). Suppose 4*j - 1 - f = 0. Is j a composite number?
False
Is 2*(-227634)/48*(-5 + 1) composite?
True
Let l(x) = -192*x - 5. Is l(-3) a prime number?
True
Is 140270/52 + (-9)/(-6) a prime number?
True
Let l(k) = -135*k + 163. Is l(-8) composite?
True
Let k(l) = 343*l**2 - 5*l + 5. Let h(x) = -x**2 - x. Let r(y) = -6*h(y) + k(y). Is r(-2) a prime number?
True
Let j(b) = 2505*b + 23. Is j(2) a composite number?
True
Suppose 23*d - 51738 = 17*d. Is d composite?
False
Let h be (90/(-4) + 8)*2. Let c be 2/(-3 - -1) + -51. Let z = h - c. Is z a prime number?
True
Suppose 30*g - 5127 = 27*g. Is g a prime number?
True
Suppose 19*x + 2201 = 22854. Is x composite?
False
Suppose 3*f - 180 = 3*j, -5*f + 2*j + 186 + 120 = 0. Suppose -f = -i + 51. Is i a prime number?
True
Suppose 606*r - 620*r = -856366. Is r composite?
False
Let z = -27 + 162. Suppose 6203 - z = 4*n. Is n prime?
False
Let j = 30 - 10. Let a be 4/j + 48/10. Suppose -6*h - 3*y = -2*h - 1173, 0 = -a*h - 4*y + 1467. Is h prime?
False
Is (-3 - 21513/6)*10/(-5) composite?
False
Let a(l) = -16*l**2 + l + 13. Let s(u) = 15*u**2 - 2*u - 12. Let n(b) = -4*a(b) - 3*s(b). Is n(-7) composite?
True
Suppose 4*v + 8 + 12 = 0. Let l(g) = 6*g - 5. Let t be l(v). Is (-14)/t + (-263)/(-5) prime?
True
Let b(t) = t**3 - 6*t**2 + 6*t - 81. Is b(7) composite?
True
Let z = 182 + 39. Is z prime?
False
Suppose 284813 = 21*n + 81890. Is n a prime number?
False
Let s = 882 - -465. Is s composite?
True
Suppose 6 = -2*w + 2*u, -5*u + 17 = -2*w + 5. Let i(p) = -512*p**2 - p. Let y be i(w). Let x = -294 - y. Is x a prime number?
False
Is ((-26141)/4*2)/((-161)/322) prime?
True
Let f(d) be the first derivative of 2*d**3/3 - 21*d**2/2 - 21*d + 2. Is f(16) a prime number?
False
Let z be 90/(-14) - (-4)/(-7). Let f = z + 11. Suppose -f*q + 12 - 58 = -2*l, 4*l = -4*q + 152. Is l a prime number?
False
Let y be -131 - (-2 + (-3 - -4)). Let o = 293 + y. Is o composite?
False
Let y = 1 + -15. Let k = y + 12. Is (286/(-4))/(k/4) a prime number?
False
Let p = 349 + 445. Is (93/62)/((3/p)/3) prime?
False
Suppose -5*q = -4*q - 3*f - 12361, -q + 5*f + 12357 = 0. Is q prime?
False
Suppose -18 + 8 = 5*o. Is ((-1)/o)/(1 - 5746/5748) a prime number?
False
Let s(p) = -p**2 + 7*p + 5. Let u(x) = -4*x - 1. Let f be u(-2). Let r be s(f). Let m(z) = 8*z - 3. Is m(r) a prime number?
True
Let a = -15394 - -21579. Is a composite?
True
Let h(k) = -34*k + 1. Let u be h(-2). Suppose -4*m - 5*a = -0 + 17, 5*m = -4*a - 10. Suppose -m*n + u = -n. Is n prime?
False
Suppose 0 = 2*u + 6, w + 4672 = -5*u + 12165. Suppose 0 = -7*q + 1235 + w. Is q prime?
True
Suppose -d - 2*d - 3 = -3*j, -d + 9 = 4*j. Let i be j + 0 - (2 + -3). Suppose -2*f + 166 = w + w, -i*f + 12 = 0. Is w composite?
False
Suppose 2231 = 104*f - 103*f. Is f composite?
True
Suppose 0 = 2*u + 2*u - 1864. Let v = 1257 - u. Suppose -2*w - 463 - 328 = -a, -4*w = -a + v. Is a composite?
True
Let t = -4782 - -9981. Is t composite?
True
Suppose 2*r - 1290 = -4*t, 0*r - 970 = -3*t - r. Is 8/(-36) - t/(-45) prime?
True
Suppose 2*h - 1250 = 340. Let o = h + -133. Is o composite?
True
Let i(t) = 55*t**2 + 15*t - 7. Is i(3) a composite number?
True
Suppose 5*o - 9 = 2*f - 2, -5*o - f = -4. Let n(x) = 54*x - 1. Is n(o) composite?
False
Let c = -956 - -489. Let o = -96 - c. Is o a prime number?
False
Let z(g) = -g**3 - 6*g - 2 - 6*g**2 + 9*g**2 + 11*g**2. Is z(13) a composite number?
False
Suppose 19*t - 242 = 8*t. Let q = -3 + t. Is q composite?
False
Let f(y) = y**3 - 14*y**2 + 4*y - 8. Let v be f(6). Let g = 619 + v. Is g prime?
True
Let m(c) = 9*c**2 + 13*c - 21. Suppose -u + 50 = 4*u. Is m(u) composite?
False
Suppose 24*t - 58462 = 139946. Is t composite?
True
Suppose 6*z - z = -5*d - 10, 20 = -4*d. Suppose 5*f = l - 28, 0*f = 5*l - z*f - 52. Suppose 12*a = l*a + 2980. Is a prime?
False
Suppose -3*t - z - 13604 = -55288, 4*t = -4*z + 55584. Is t composite?
True
Let g(v) be the first derivative of 4*v**3/3 + 11*v**2/2 + 14*v - 18. Is g(-19) a composite number?
False
Let i(k) = 390*k**2 + k + 3. Let d be 19 + 3 - (-4 - -8). Let a = -20 + d. Is i(a) composite?
True
Let o(i) be the first derivative of 19*i**4/4 - 2*i**3/3 + 2*i**2 - 3*i - 20. Is o(2) a composite number?
False
Let b = -6951 + 10712. Is b composite?
False
Let r(q) = -93*q + 16*q**2 + 14 + 91*q - 13. Is r(5) prime?
False
Let v = 44890 - 20297. Is v prime?
True
Let i = 42 - 48. Is ((-1696)/24)/(1 + 10/i) a prime number?
False
Let j = 22810 + -15996. Is j a prime number?
False
Let m be ((-3)/(-2))/(15/20). Suppose 6 = -m*d + 68. Is d prime?
True
Let h = 26 - 23. Suppose 1506 = h*g + 3*g. Is g a prime number?
True
Let u = -1178 - -2669. Let o(v) = -489*v + 8. Let a be o(2). Let i = a + u. Is i a prime number?
True
Let o(n) = -n + 17. Let c be o(10). Suppose -y - 5*d + 4 = c, 0 = 3*y - d + 9. Is (-1143)/6*2/y a composite number?
False
Suppose 5*w - 11 + 1 = 0. Suppose 0 = w*u + 2*u - 2420. Suppose -3*y + u = 2*y. Is y prime?
False
Suppose -24*k + 4372 = -116. Suppose -2*w - 5*d = -d + 312, -d + 736 = -5*w. Let o = k - w. Is o a composite number?
True
Let k be (-1 - (1 - 1))*6. Let f be 2/k - (-2784)/9. Suppose f = 3*n - 300. Is n a prime number?
False
Let j(z) = -6*z + 19. Let w(n) = n**2 + 5*n - 4. Let y be w(-6). Suppose 4*b = -16, -3*a + 6 = -y*b + 22. Is j(a) a composite number?
False
Suppose 18*w + 17253 = 19*w + 2*l, 0 = -2*w - 5*l + 34504. Is w a prime number?
True
Suppose -5*j + 